{"id":2007,"date":"2025-10-26T09:42:48","date_gmt":"2025-10-26T08:42:48","guid":{"rendered":"https:\/\/www.begegnungsraum-osttirol.eu\/?page_id=2007"},"modified":"2025-10-26T10:04:33","modified_gmt":"2025-10-26T09:04:33","slug":"musik-2","status":"publish","type":"page","link":"https:\/\/www.begegnungsraum-osttirol.eu\/?page_id=2007","title":{"rendered":"Musik"},"content":{"rendered":"\t\t<div data-elementor-type=\"wp-page\" data-elementor-id=\"2007\" class=\"elementor elementor-2007\">\n\t\t\t\t\t\t\t\t\t<section class=\"elementor-section elementor-top-section elementor-element elementor-element-5ac1c95 elementor-section-boxed elementor-section-height-default elementor-section-height-default\" data-id=\"5ac1c95\" data-element_type=\"section\">\n\t\t\t\t\t\t<div class=\"elementor-container elementor-column-gap-default\">\n\t\t\t\t\t<div class=\"elementor-column elementor-col-100 elementor-top-column elementor-element elementor-element-aaabc01\" data-id=\"aaabc01\" data-element_type=\"column\">\n\t\t\t<div class=\"elementor-widget-wrap elementor-element-populated\">\n\t\t\t\t\t\t\t\t<div class=\"elementor-element elementor-element-3a45499 elementor-widget elementor-widget-text-editor\" data-id=\"3a45499\" data-element_type=\"widget\" data-widget_type=\"text-editor.default\">\n\t\t\t\t<div class=\"elementor-widget-container\">\n\t\t\t<style>\/*! elementor - v3.6.7 - 03-07-2022 *\/\n.elementor-widget-text-editor.elementor-drop-cap-view-stacked .elementor-drop-cap{background-color:#818a91;color:#fff}.elementor-widget-text-editor.elementor-drop-cap-view-framed .elementor-drop-cap{color:#818a91;border:3px solid;background-color:transparent}.elementor-widget-text-editor:not(.elementor-drop-cap-view-default) .elementor-drop-cap{margin-top:8px}.elementor-widget-text-editor:not(.elementor-drop-cap-view-default) .elementor-drop-cap-letter{width:1em;height:1em}.elementor-widget-text-editor .elementor-drop-cap{float:left;text-align:center;line-height:1;font-size:50px}.elementor-widget-text-editor .elementor-drop-cap-letter{display:inline-block}<\/style>\t\t\t\t<p>Am 10. und 11. Oktober wurden beim Begegnungsraum Osttirol 24 junge Menschen musikalisch befl\u00fcgelt. <br \/>Zwei Tage lang wurde intensiv gesungen, musiziert, getanzt und gelacht.<br \/>Dabei wurde nichts ausgelassen: Vom gemeinsamen \u00bbEinstimmen\u00ab bei den Kennenlernspielen \u00fcber das Singen bekannter Pop- Songs, afrikanischer Gospels und vierstimmiger Chors\u00e4tze bis hin zu akrobatischen Choreografien und Songwriting mit Instrumental-Improvisation. <br \/>Angeleitet wurden die verschiedenen Workshopeinheiten von Anja Bla\u00dfnig, Florian Mattersberger, Johannes Lugger und Magdalena Pircher &#8211; in Kleingruppen, beim Solo- Coaching, gemeinsam im Chor oder mit Lieblingsliedern im Jam-Session-Setting. Wesentlich bei diesem Projekt war die aktive Partizipation der Jugendlichen und jungen Erwachsenen.\u00a0<\/p>\t\t\t\t\t\t<\/div>\n\t\t\t\t<\/div>\n\t\t\t\t\t<\/div>\n\t\t<\/div>\n\t\t\t\t\t\t\t<\/div>\n\t\t<\/section>\n\t\t\t\t<section class=\"elementor-section elementor-top-section elementor-element elementor-element-15f27ab elementor-section-boxed elementor-section-height-default elementor-section-height-default\" data-id=\"15f27ab\" data-element_type=\"section\">\n\t\t\t\t\t\t<div class=\"elementor-container elementor-column-gap-default\">\n\t\t\t\t\t<div class=\"elementor-column elementor-col-100 elementor-top-column elementor-element elementor-element-d827953\" data-id=\"d827953\" data-element_type=\"column\">\n\t\t\t<div class=\"elementor-widget-wrap elementor-element-populated\">\n\t\t\t\t\t\t\t\t<div class=\"elementor-element elementor-element-0b6b597 elementor-widget elementor-widget-image-gallery\" data-id=\"0b6b597\" data-element_type=\"widget\" data-widget_type=\"image-gallery.default\">\n\t\t\t\t<div class=\"elementor-widget-container\">\n\t\t\t<style>\/*! elementor - v3.6.7 - 03-07-2022 *\/\n.elementor-image-gallery .gallery-item{display:inline-block;text-align:center;vertical-align:top;width:100%;max-width:100%;margin:0 auto}.elementor-image-gallery .gallery-item img{margin:0 auto}.elementor-image-gallery .gallery-item .gallery-caption{margin:0}.elementor-image-gallery figure img{display:block}.elementor-image-gallery figure figcaption{width:100%}.gallery-spacing-custom .elementor-image-gallery .gallery-icon{padding:0}@media (min-width:768px){.elementor-image-gallery .gallery-columns-2 .gallery-item{max-width:50%}.elementor-image-gallery .gallery-columns-3 .gallery-item{max-width:33.33%}.elementor-image-gallery .gallery-columns-4 .gallery-item{max-width:25%}.elementor-image-gallery .gallery-columns-5 .gallery-item{max-width:20%}.elementor-image-gallery .gallery-columns-6 .gallery-item{max-width:16.666%}.elementor-image-gallery .gallery-columns-7 .gallery-item{max-width:14.28%}.elementor-image-gallery .gallery-columns-8 .gallery-item{max-width:12.5%}.elementor-image-gallery .gallery-columns-9 .gallery-item{max-width:11.11%}.elementor-image-gallery .gallery-columns-10 .gallery-item{max-width:10%}}@media (min-width:480px) and (max-width:767px){.elementor-image-gallery .gallery.gallery-columns-2 .gallery-item,.elementor-image-gallery .gallery.gallery-columns-3 .gallery-item,.elementor-image-gallery .gallery.gallery-columns-4 .gallery-item,.elementor-image-gallery .gallery.gallery-columns-5 .gallery-item,.elementor-image-gallery .gallery.gallery-columns-6 .gallery-item,.elementor-image-gallery .gallery.gallery-columns-7 .gallery-item,.elementor-image-gallery .gallery.gallery-columns-8 .gallery-item,.elementor-image-gallery .gallery.gallery-columns-9 .gallery-item,.elementor-image-gallery .gallery.gallery-columns-10 .gallery-item{max-width:50%}}@media (max-width:479px){.elementor-image-gallery .gallery.gallery-columns-2 .gallery-item,.elementor-image-gallery .gallery.gallery-columns-3 .gallery-item,.elementor-image-gallery .gallery.gallery-columns-4 .gallery-item,.elementor-image-gallery .gallery.gallery-columns-5 .gallery-item,.elementor-image-gallery .gallery.gallery-columns-6 .gallery-item,.elementor-image-gallery .gallery.gallery-columns-7 .gallery-item,.elementor-image-gallery .gallery.gallery-columns-8 .gallery-item,.elementor-image-gallery .gallery.gallery-columns-9 .gallery-item,.elementor-image-gallery .gallery.gallery-columns-10 .gallery-item{max-width:100%}}<\/style>\t\t<div class=\"elementor-image-gallery\">\n\t\t\t<div id='gallery-1' class='gallery galleryid-2007 gallery-columns-4 gallery-size-thumbnail'><figure class='gallery-item'>\n\t\t\t<div class='gallery-icon landscape'>\n\t\t\t\t<a data-elementor-open-lightbox=\"yes\" data-elementor-lightbox-slideshow=\"0b6b597\" data-elementor-lightbox-title=\"20251011_093817\" e-action-hash=\"#elementor-action%3Aaction%3Dlightbox%26settings%3DeyJpZCI6MjAxNywidXJsIjoiaHR0cHM6XC9cL3d3dy5iZWdlZ251bmdzcmF1bS1vc3R0aXJvbC5ldVwvd3AtY29udGVudFwvdXBsb2Fkc1wvMjAyNVwvMTBcLzIwMjUxMDExXzA5MzgxNy1zY2FsZWQuanBnIiwic2xpZGVzaG93IjoiMGI2YjU5NyJ9\" href='https:\/\/www.begegnungsraum-osttirol.eu\/wp-content\/uploads\/2025\/10\/20251011_093817-scaled.jpg'><img loading=\"lazy\" decoding=\"async\" width=\"150\" height=\"150\" src=\"https:\/\/www.begegnungsraum-osttirol.eu\/wp-content\/uploads\/2025\/10\/20251011_093817-150x150.jpg\" class=\"attachment-thumbnail size-thumbnail\" alt=\"\" \/><\/a>\n\t\t\t<\/div><\/figure><figure class='gallery-item'>\n\t\t\t<div class='gallery-icon landscape'>\n\t\t\t\t<a data-elementor-open-lightbox=\"yes\" data-elementor-lightbox-slideshow=\"0b6b597\" data-elementor-lightbox-title=\"20251011_100314\" e-action-hash=\"#elementor-action%3Aaction%3Dlightbox%26settings%3DeyJpZCI6MjAxOCwidXJsIjoiaHR0cHM6XC9cL3d3dy5iZWdlZ251bmdzcmF1bS1vc3R0aXJvbC5ldVwvd3AtY29udGVudFwvdXBsb2Fkc1wvMjAyNVwvMTBcLzIwMjUxMDExXzEwMDMxNC1zY2FsZWQuanBnIiwic2xpZGVzaG93IjoiMGI2YjU5NyJ9\" href='https:\/\/www.begegnungsraum-osttirol.eu\/wp-content\/uploads\/2025\/10\/20251011_100314-scaled.jpg'><img loading=\"lazy\" decoding=\"async\" width=\"150\" height=\"150\" src=\"https:\/\/www.begegnungsraum-osttirol.eu\/wp-content\/uploads\/2025\/10\/20251011_100314-150x150.jpg\" class=\"attachment-thumbnail size-thumbnail\" alt=\"\" \/><\/a>\n\t\t\t<\/div><\/figure><figure class='gallery-item'>\n\t\t\t<div class='gallery-icon landscape'>\n\t\t\t\t<a data-elementor-open-lightbox=\"yes\" data-elementor-lightbox-slideshow=\"0b6b597\" data-elementor-lightbox-title=\"20251011_150413\" e-action-hash=\"#elementor-action%3Aaction%3Dlightbox%26settings%3DeyJpZCI6MjAxOSwidXJsIjoiaHR0cHM6XC9cL3d3dy5iZWdlZ251bmdzcmF1bS1vc3R0aXJvbC5ldVwvd3AtY29udGVudFwvdXBsb2Fkc1wvMjAyNVwvMTBcLzIwMjUxMDExXzE1MDQxMy1zY2FsZWQuanBnIiwic2xpZGVzaG93IjoiMGI2YjU5NyJ9\" href='https:\/\/www.begegnungsraum-osttirol.eu\/wp-content\/uploads\/2025\/10\/20251011_150413-scaled.jpg'><img loading=\"lazy\" decoding=\"async\" width=\"150\" height=\"150\" src=\"https:\/\/www.begegnungsraum-osttirol.eu\/wp-content\/uploads\/2025\/10\/20251011_150413-150x150.jpg\" class=\"attachment-thumbnail size-thumbnail\" alt=\"\" \/><\/a>\n\t\t\t<\/div><\/figure><figure class='gallery-item'>\n\t\t\t<div class='gallery-icon landscape'>\n\t\t\t\t<a data-elementor-open-lightbox=\"yes\" data-elementor-lightbox-slideshow=\"0b6b597\" data-elementor-lightbox-title=\"20251011_153137\" e-action-hash=\"#elementor-action%3Aaction%3Dlightbox%26settings%3DeyJpZCI6MjAyMCwidXJsIjoiaHR0cHM6XC9cL3d3dy5iZWdlZ251bmdzcmF1bS1vc3R0aXJvbC5ldVwvd3AtY29udGVudFwvdXBsb2Fkc1wvMjAyNVwvMTBcLzIwMjUxMDExXzE1MzEzNy1zY2FsZWQuanBnIiwic2xpZGVzaG93IjoiMGI2YjU5NyJ9\" href='https:\/\/www.begegnungsraum-osttirol.eu\/wp-content\/uploads\/2025\/10\/20251011_153137-scaled.jpg'><img loading=\"lazy\" decoding=\"async\" width=\"150\" height=\"150\" src=\"https:\/\/www.begegnungsraum-osttirol.eu\/wp-content\/uploads\/2025\/10\/20251011_153137-150x150.jpg\" class=\"attachment-thumbnail size-thumbnail\" alt=\"\" \/><\/a>\n\t\t\t<\/div><\/figure>\n\t\t<\/div>\n\t\t<\/div>\n\t\t\t\t<\/div>\n\t\t\t\t<\/div>\n\t\t\t\t\t<\/div>\n\t\t<\/div>\n\t\t\t\t\t\t\t<\/div>\n\t\t<\/section>\n\t\t\t\t<section class=\"elementor-section elementor-top-section elementor-element elementor-element-149750b elementor-section-boxed elementor-section-height-default elementor-section-height-default\" data-id=\"149750b\" data-element_type=\"section\">\n\t\t\t\t\t\t<div class=\"elementor-container elementor-column-gap-default\">\n\t\t\t\t\t<div class=\"elementor-column elementor-col-100 elementor-top-column elementor-element elementor-element-1cb68df\" data-id=\"1cb68df\" data-element_type=\"column\">\n\t\t\t<div class=\"elementor-widget-wrap elementor-element-populated\">\n\t\t\t\t\t\t\t\t<div class=\"elementor-element elementor-element-c9c81fb elementor-widget elementor-widget-text-editor\" data-id=\"c9c81fb\" data-element_type=\"widget\" data-widget_type=\"text-editor.default\">\n\t\t\t\t<div class=\"elementor-widget-container\">\n\t\t\t\t\t\t\t<p>Die 15j\u00e4hrige Jana freute sich etwa dar\u00fcber, dass sie sich mit ihrer Harfe einbringen konnte. \u00bbIch habe viel \u00fcbers Begleiten dazugelernt und unsere Ideen wurden gemeinsam mit uns weiter ausgebaut! Die unterschiedlichen Altersgruppen haben voneinander profitiert.\u00ab<\/p><p>Neben dem hohen musikalischen Niveau, welches die bunt zusammengew\u00fcrfelte Gruppe so selbstverst\u00e4ndlich auf die B\u00fchne brachte, standen vor allem Freude und Spa\u00df am gemeinsamen Hobby und gegenseitiger Austausch im Mittelpunkt.<\/p><p>\u00bbDie Gemeinschaft und die Motivation zusammen zu musizieren, haben mir besonders gut gefallen. Ich habe neue Leute kennengelernt, es war wirklich ein tolles Erlebnis. Au\u00dferdem hat das Projekt mir geholfen, meine Gesangstechnik zu verbessern und mich sicherer im Singen zu f\u00fchlen!\u00ab, gibt die 16-j\u00e4hrige Monique als R\u00fcckmeldung.<\/p><p>Bei der Abschlusspr\u00e4sentation f\u00fcr Verwandte und Bekannte feierte die motivierte Gruppe mit Liedern wie Auf uns, Viva la vida oder dem f\u00e4schtb\u00e4nklerischem Ehrenwort ihre musikalischen Ergebnisse.<\/p>\t\t\t\t\t\t<\/div>\n\t\t\t\t<\/div>\n\t\t\t\t\t<\/div>\n\t\t<\/div>\n\t\t\t\t\t\t\t<\/div>\n\t\t<\/section>\n\t\t\t\t\t\t\t<\/div>\n\t\t","protected":false},"excerpt":{"rendered":"<p>Am 10. und 11. Oktober wurden beim Begegnungsraum Osttirol 24 junge Menschen musikalisch befl\u00fcgelt. Zwei Tage lang wurde intensiv gesungen, musiziert, getanzt und gelacht.Dabei wurde nichts ausgelassen: Vom gemeinsamen \u00bbEinstimmen\u00ab bei den Kennenlernspielen \u00fcber das Singen bekannter Pop- Songs, afrikanischer Gospels und vierstimmiger Chors\u00e4tze bis hin zu akrobatischen Choreografien und Songwriting mit Instrumental-Improvisation. Angeleitet wurden [&hellip;]<\/p>\n","protected":false},"author":1,"featured_media":0,"parent":0,"menu_order":0,"comment_status":"closed","ping_status":"closed","template":"","meta":{"_monsterinsights_skip_tracking":false,"_monsterinsights_sitenote_active":false,"_monsterinsights_sitenote_note":"","_monsterinsights_sitenote_category":0,"footnotes":""},"class_list":["post-2007","page","type-page","status-publish","hentry"],"_links":{"self":[{"href":"https:\/\/www.begegnungsraum-osttirol.eu\/index.php?rest_route=\/wp\/v2\/pages\/2007","targetHints":{"allow":["GET"]}}],"collection":[{"href":"https:\/\/www.begegnungsraum-osttirol.eu\/index.php?rest_route=\/wp\/v2\/pages"}],"about":[{"href":"https:\/\/www.begegnungsraum-osttirol.eu\/index.php?rest_route=\/wp\/v2\/types\/page"}],"author":[{"embeddable":true,"href":"https:\/\/www.begegnungsraum-osttirol.eu\/index.php?rest_route=\/wp\/v2\/users\/1"}],"replies":[{"embeddable":true,"href":"https:\/\/www.begegnungsraum-osttirol.eu\/index.php?rest_route=%2Fwp%2Fv2%2Fcomments&post=2007"}],"version-history":[{"count":12,"href":"https:\/\/www.begegnungsraum-osttirol.eu\/index.php?rest_route=\/wp\/v2\/pages\/2007\/revisions"}],"predecessor-version":[{"id":2035,"href":"https:\/\/www.begegnungsraum-osttirol.eu\/index.php?rest_route=\/wp\/v2\/pages\/2007\/revisions\/2035"}],"wp:attachment":[{"href":"https:\/\/www.begegnungsraum-osttirol.eu\/index.php?rest_route=%2Fwp%2Fv2%2Fmedia&parent=2007"}],"curies":[{"name":"wp","href":"https:\/\/api.w.org\/{rel}","templated":true}]}}